2 - 3*i + 1. Let n be d(j). What is c(n)?
-13
Let w(r) = -7 - 53*r - 51*r + 136*r - 40*r - r**2 + 0*r**2. Give w(-6).
5
Let q be (-34)/(-6) - (-8)/(-12). Let i(g) = 0 + 4*g**2 + 3*g + 4 - q*g**2. Suppose 7*b = -60*b + 335. Calculate i(b).
-6
Let h(q) be the second derivative of 2*q**3/3 + 5*q**2 - 28*q + 2. Determine h(-4).
-6
Let c = 1475 + -1465. Let j(a) = -a**2 + 9*a + 9. Determine j(c).
-1
Let s(i) be the third derivative of -i**6/120 + i**5/15 + i**4/24 + i**3/2 - i**2. Let f be ((-5)/(-3) - (-4)/(-6))*7. Suppose f*w - 12 = 4*w. Give s(w).
7
Let j(g) = -3*g**2 + g - 4. Let n(q) be the second derivative of -q**4/4 - 3*q**2/2 + 25*q. Let d(x) = 2*j(x) - 3*n(x). Determine d(-2).
9
Let w(n) = 17*n**3 + 3*n**2 - 8*n - 22. Let i(c) = 48*c**3 + 10*c**2 - 24*c - 64. Let q(d) = 6*i(d) - 17*w(d). Give q(8).
-10
Let h(f) = -2*f - 4. Let p be (-4 - 3 - -4) + 11. Suppose 3*t - 2*z = -p - 3, 3*z = t - 8. Determine h(t).
10
Let d(g) = -g**3 - 2*g**2 + 3*g - 1. Let u be d(-3). Let q(w) = -10*w**2 - 3*w - 2. Let k be q(u). Let y = k + 3. Let o(c) = -c**2 - 4*c + 7. Calculate o(y).
-5
Let r(t) = -2*t**3 - 4*t**2 - 2*t + 1. Let p be r(-2). Let c(k) = -23*k + 46. Let d(a) = -18*a + 38. Let h(b) = 4*c(b) - 5*d(b). Determine h(p).
-16
Suppose 5*g + 6 = 11. Let v(y) = g + 3*y - 1. What is v(3)?
9
Suppose 0 = -3*u + s - 2, s = -2*u - s + 12. Let z(p) = -47*p**2 - 1. Determine z(u).
-48
Let h(a) = -4*a - 4. Let l(o) = o + 1. Let m(i) = h(i) + 3*l(i). Calculate m(-1).
0
Let k(t) = t**3 - 6*t**2 + 5*t + 4. Let c be k(4). Let v(m) be the first derivative of -2*m**2 - 10*m + 2930. Determine v(c).
22
Let u = 7 - 3. Let n(h) = 2*h. Let o be n(u). Let m = o + -11. Let q(b) = -b**3 - 3*b**2 - 2*b - 4. Give q(m).
2
Let l(z) = -40 - z + 26 + 20. Give l(11).
-5
Suppose 0 - 6 = -6*z. Let n(m) = -2*m + 4. Let b(h) = 4*h - h + 0 + 0 - 3. Let o(v) = -5*b(v) - 4*n(v). Calculate o(z).
-8
Let x(a) be the first derivative of -a**6/120 - a**5/15 + 7*a**4/24 + 7*a**3/6 - 3*a**2/2 - 10. Let i(h) be the second derivative of x(h). Calculate i(-5).
-3
Let v be ((-1)/(-1))/(11/143). Let b(m) = -m + 14. Determine b(v).
1
Let g(y) = y**2 - 4*y + 3. Let u(n) = n - 5. Let z be u(9). Let v(m) = m**3 - 4*m**2 + 6*m - 6. Let d be v(z). Suppose 4*a = a + d. Determine g(a).
15
Suppose 0 = -3*s - 2*i - 5, 5*s + 20 = 2*i + 1. Let t be s*1 - (12 + -11). Let d(z) = 5*z - 18 + 18 + z**2. Determine d(t).
-4
Suppose -5*y = -3*y - 14. Let z(k) be the first derivative of -k**2/2 + 6*k - 13. What is z(y)?
-1
Let a(j) = -2*j**2 + 5*j - 4. Suppose 5*s + 3*b = -1006, 4*b + 1 + 7 = 0. Let w = s - -112. Let d be 2/8 + w/(-32). Determine a(d).
-7
Let k be ((-8)/(-10))/((-2)/25*-5). Let u(r) = 13*r - 1 + k + 9*r. Determine u(1).
23
Let t = 53 + -40. Let a(r) = -4*r**2 + 12*r**3 - 3 - t*r**3 + 5*r - r. What is a(-5)?
2
Suppose 8 = -4*w, -28 = 5*c + 17*w - 13*w. Let n(j) = -6*j**3 + 5 + j**3 - 4*j**2 + 4*j**3 + 3*j. Calculate n(c).
-7
Let j(x) = 14*x - 35. Let a = 9 + -20. Let r(b) = -5*b + 12. Let z(i) = a*r(i) - 4*j(i). What is z(9)?
-1
Suppose 88 = -2*t + 40. Suppose 0 = r + 14 - 44. Let m = r + t. Let g(v) = -2*v. Calculate g(m).
-12
Let q(y) = y**2 - 8*y + 9. Let u(h) = -24 + 3*h**2 - 108*h + 95*h - 2*h**2. Let n be u(15). Give q(n).
-3
Suppose -6 + 18 = 6*x. Let u(s) = -15 + 12 + 8 - 7*s + s**x. What is u(4)?
-7
Let v = -1066 + 1065. Let o(q) = -3*q**3 + q**2 - 4*q - 4. What is o(v)?
4
Suppose 3*a + 4 = -2, -n + 3 = -2*a. Suppose -q + 25 = 4*r, -5*q - 4*r = -0*q - 45. Let y(p) = p - 2*p + 2*p**3 - q*p**3 + 1 + 3*p. Determine y(n).
2
Let r = -5 + 11. Suppose -r*f + 11*f = -45. Let m = 6 + f. Let h(c) = c**3 + 3*c**2 - c - 1. Determine h(m).
2
Let u(q) = -5*q - 1 + 8 - 2 + 12*q - 8*q. What is u(6)?
-1
Let m be (2/(-4))/(7/(-28)). Suppose m*l + 17 = 3. Let d(p) = p**3 + 8*p**2 + 8*p. What is d(l)?
-7
Let z(p) = -3 - 37*p - p**2 + 0*p**2 + 13*p + 36*p. Calculate z(12).
-3
Suppose -w = 4*w + 3*r + 35, 3*w - r + 21 = 0. Let b(g) = g**2 + 10*g + 9. Give b(w).
-12
Let u(s) = -s**2 + s - 1. Let j(h) = 5*h**2 - 7*h + 9. Let n = -41 - -40. Let m(i) = n*j(i) - 6*u(i). Give m(-4).
9
Let a(v) = v**2 + 8*v - 10. Let i = -172 + 165. Give a(i).
-17
Let u(w) = -7 + 1 + 5 + 47*w. What is u(1)?
46
Let z = -1364 - -1367. Let l(w) = 3*w + 2. Let a(j) = j. Let g(q) = -6*a(q) + l(q). Calculate g(z).
-7
Let f = -104 - -140. Suppose l + f = 6*l - v, -l = -3*v + 4. Let d(p) = -p**3 + 9*p**2 - 9*p + 11. Determine d(l).
3
Let i(r) = -r + 18 - 85 + 57. Calculate i(-8).
-2
Let q(i) = -3*i + 14 - 1 + 4*i. Let f(g) = -43*g + 290. Let a be f(7). Give q(a).
2
Let o be (-126)/8 - (-27)/36. Let m = -14 - o. Let y(w) = -3*w + 4*w + m - w - w. Calculate y(-4).
5
Let r(z) = 0*z + 4*z - 3*z**3 - 13*z**2 - 4*z + 2*z + 14*z**2. What is r(2)?
-16
Let n be 2*12*(-3 + 1). Let c be 204/n - 1/(-4). Let j = 4 + c. Let u(o) = o + 12. Calculate u(j).
12
Let v(w) = -w**3 + 6*w**2 - 3*w - 13. Let c be v(3). Let l(n) be the first derivative of n**2/2 - 10*n - 6. Determine l(c).
-5
Let h = 72 - 70. Suppose -h*i + 42 = 4*i. Let p(m) = m**2 - 8*m - 8. Give p(i).
-15
Let s(w) be the third derivative of -w**6/120 - 7*w**5/20 - 5*w**4/6 + w**3/2 - 156*w**2. Determine s(-20).
3
Suppose -2*s - k - 10 = -32, 46 = 2*s - 5*k. Suppose 2*u - 9 = b, 5*u - s - 2 = 5*b. Let f(m) = m**2 - 6*m + 1. Calculate f(u).
1
Let v be (1*-2)/((-14)/(-63)). Let j = v + -3. Let r = j + 10. Let w(c) = -c**2 - 2*c + 2. Give w(r).
2
Suppose -z - 4 = -5. Let q(c) be the second derivative of -7*c**4/12 - c**3/6 - 194*c. Give q(z).
-8
Let m(z) = 1. Let j(c) = -6*c - 21. Let f(k) = j(k) + 18*m(k). Let d = 55 - 52. Calculate f(d).
-21
Let m = -267 - -183. Let l = -89 - m. Let n(h) = h**2 + 5*h + 6. What is n(l)?
6
Let n(m) = -m + 4. Suppose -89 = -4*y - 13. Suppose -4*s + 33 + y = 0. Let h be (-8)/(-20) - s/(-5). What is n(h)?
1
Let a(j) be the second derivative of -j**4/12 - 2*j**3/3 - j**2/2 - 362*j - 2. Let q be 3 + (-1 - 0) - 7. Calculate a(q).
-6
Suppose 0 = -8*y - 12 + 68. Let n(t) = -2*t - 7. What is n(y)?
-21
Let d = 14 + -25. Let q = -5 - d. Let o be q/(-12) - 10/(-4). Let k(h) = 3*h**2 - 4*h + 3. Give k(o).
7
Let n be -10*11/(-55)*(-1)/(-2). Let h(j) = -9*j**2. Give h(n).
-9
Let j(w) = 2*w. Let y(h) be the second derivative of h**3/6 + 3*h. Suppose -5*v = 2*d + 11, 4*d = 4*v + 27 + 21. Let i(a) = d*y(a) - 4*j(a). Determine i(-3).
3
Let q(t) be the second derivative of -t**4/12 + t**3/2 - 3*t**2/2 + 11*t. Let m = 1 - 0. Let i(l) = l**2 - l + 1. Let n(w) = m*q(w) + 2*i(w). Determine n(2).
5
Let i(k) = 9*k**2 + 12*k + 5. Let j(x) = 11*x**2 + 16*x + 7. Let u(z) = 6*i(z) - 5*j(z). Let r = -5 + -1. Give u(r).
7
Let h(t) = -2*t**2 - 3*t. Let w(l) = 2*l**2 - 2. Let n be w(-3). Suppose 5*q + 19 - 51 = 2*r, -r - 3*q = n. Let m be -2*4/r*-6. Determine h(m).
-9
Let h be 10 - (4 - 6)*-5. Let b(m) = 0*m - 3 + m + 0*m + m**2. Determine b(h).
-3
Let p(h) be the second derivative of -h**6/360 - h**5/120 - 11*h**4/6 + 37*h. Let r(l) be the third derivative of p(l). What is r(1)?
-3
Let f(w) = -6*w**2 + 2. Let o(h) = 7*h**2 + h + 4. Let r(u) = 7*u**2 + u + 5. Let n(x) = -6*o(x) + 5*r(x). Let s(k) = -6*f(k) + 5*n(k). Calculate s(6).
-1
Let p(x) = x**2 - 6*x - 6. Let s(z) = 6*z - 17. Let c be s(6). Let u = c - 12. Determine p(u).
1
Let i(v) be the second derivative of 0 + 7/2*v**2 + 8*v - 1/3*v**3. Let t(w) = -w**2 - 7*w. Let f be t(-6). Calculate i(f).
-5
Let u be 7 - 7*(4 + 76/(-28)). Let p(j) = j**3 - 4*j + 1. Determine p(u).
1
Let h(f) = -5*f - 5*f - f**2 + 15*f - 2. Let a(k) = 2*k**2 - 4*k - 1. Let s be a(3). Give h(s).
-2
Let g = -116 - -108. Let m(v) = v**2 + 7*v. Determine m(g).
8
Let m be (1 - 0 - 1)/(-2). Let q be ((-3)/9 - m)/(3/27). Let r(p) = p**2 + 2*p. Determine r(q).
3
Let g(b) = -47*b + 9*b + 8*b - 11 + 11*b + 17*b. Let a be (-34)/(-8) - 2/8. Suppose j - a = -0*j - 3*c, j = -2*c. Give g(j).
5
Let t(b) be the first derivative of -b**2/2 + 2. Let m = 27 + -11. Suppose 0 = -3*x - x + m, n = -4*x + 21. Calculate t(n).
-5
Let o(r) be the third derivative of -1/120*r**6 + 0*r + 0*r**5 + 2*r**2 - 1/24*r**4 - 5/3*r**3 + 0. What is o(0)?
-10
Let d(k) = k**2 + 6*k - 5. Let t(w) = -16 - 3*w**2 + 0*w**2 + w**2 + 19*w + 6*w**2. Let j(v) = -7*d(v) + 2*t(v). Calculate j(2).
-1
Let f(a) = 7*a**3 + 9*a**2